s the highest common divisor of l and 30?
30
Suppose 385 = -24*o + 618 + 967. What is the greatest common divisor of o and 6550?
50
Suppose 76*a - 72*a - 3*v = 52470, a + 5*v = 13083. Calculate the greatest common factor of a and 62.
31
Let k be 519493/3143 - 4/14. Calculate the highest common divisor of k and 2090.
55
Let h(y) = 5*y - 2. Let l(b) = 4*b - 2. Let x(d) = 3*h(d) - 4*l(d). Let m be x(-2). Suppose -m*o = -8 - 20. Calculate the highest common divisor of 77 and o.
7
Let q = -2079 - -2112. What is the highest common factor of q and 15?
3
Let u = 140 - 80. Suppose -o = 16 - 19. Suppose -3*m = o*m - 30. Calculate the highest common divisor of m and u.
5
Let l(o) = 6*o + 129. Let r be l(-21). Suppose c - 77 = 2*n - 3, 2*n - 214 = -r*c. What is the highest common factor of 1080 and c?
72
Let o(j) = 158*j + 3819. Let a be o(-24). What is the highest common divisor of 384 and a?
3
Let n(f) = -125*f**2 - 260*f - 1. Let v be n(-2). What is the greatest common divisor of 14 and v?
1
Let x = 41153 - 40856. Calculate the highest common factor of 1463 and x.
11
Suppose 8*p = 1229 + 1811. Let x be (-8)/(-6)*(3 + (-102)/(-4)). Calculate the greatest common divisor of p and x.
38
Let f(z) = -z**3 + 56*z**2 - 157*z + 266. Let r be f(53). What is the highest common divisor of r and 12?
12
Let f(s) = 50*s**2 + 172*s + 1302. Let y be f(-7). What is the highest common divisor of 980 and y?
196
Let a be -102*(12/(-8) + 2)*-1. Suppose -m + 8*m = 623. Suppose 0 = -3*h + 3*g + 63, g = h + 4*h - m. What is the greatest common divisor of h and a?
17
Suppose 4*h - 417 = -3*v - 0*v, 5*v - 191 = -2*h. Suppose 5*m - 531 = -2*g - 171, m - 72 = g. Calculate the greatest common divisor of h and m.
36
Let w = -2124 - -2182. Suppose 4*y - 5*x = -41, y - 3*x = -3*y - 31. Let q be y - -34 - (-1 - -2). Calculate the greatest common factor of q and w.
29
Suppose -2*l = h, 3*h - 7*l = -4*l. Suppose 3*q + 2*n - 313 = h, 242 = 4*q + 2*n - 176. What is the greatest common factor of q and 15?
15
Let q = -3462 - -3532. Calculate the highest common divisor of q and 160.
10
Suppose -45*w = -57*w + 2400. Suppose -2*z = -5*z - 9, 0 = -2*k - z + 157. Calculate the highest common factor of k and w.
40
Let s(r) = -r**3 + 3*r**2 - 25*r**2 + 4*r**2 + 6*r**2 + 7*r**2 - r + 10. Let f be s(-5). Calculate the highest common factor of f and 45.
15
Let a be (0 + -18*5)*(304/(-10) - 12). What is the highest common divisor of a and 720?
72
Let y(l) = 21*l**2 + 3*l + 3. Let b be y(-2). Let s be -2*3/(-2) - 27. Let p = 33 + s. Calculate the highest common divisor of p and b.
9
Suppose 0 = t + 2*t - 30. Suppose 0 = 5*h + t, -4*h + 65 - 25 = 4*l. What is the highest common factor of l and 20?
4
Suppose -1103 = -2*t + 14*v - 9*v, -2*t - 4*v + 1094 = 0. What is the highest common factor of 7869 and t?
183
Let y = -3344 + 3388. Let s(t) = -7*t**3 - 5*t**2 - 2*t + 4. Let n be s(-3). What is the highest common factor of y and n?
22
Let u(z) = 2*z**2 - 38*z + 855. Let f be u(0). Calculate the greatest common factor of 270 and f.
45
Let a = -328 - -351. Suppose -28*p - 5586 = -4*i - a*p, 4*i - 5582 = 3*p. Calculate the greatest common factor of 34 and i.
34
Let l be 27508/5*1260/504. Calculate the highest common divisor of 138 and l.
46
Suppose -5*y - 3*k + 195 = -5*k, 20 = -4*k. Suppose 61*l - 41 = 60*l - 5*z, 0 = -l - 3*z + y. What is the highest common divisor of 713 and l?
31
Let y be (-10)/(-20)*-32*1/(-1). Let t(g) = 105*g**2 - 17*g + 68. Let z be t(4). What is the highest common factor of y and z?
16
Suppose -43*g + 3*a - 8138 = -48*g, 8146 = 5*g + a. Calculate the greatest common factor of g and 130.
10
Let t be (-2)/(-4) - (-110)/20. Suppose 0 = 5*w + 20, d + 3*w + 13 = t. Calculate the greatest common divisor of 2 and d.
1
Let v(c) = 2*c**2 + c + 2. Let f be v(-4). Suppose 10*g - 28*g = -1620. What is the greatest common factor of f and g?
30
Suppose 5*r = -2*r + 182. Let j = 28 - r. Suppose 0 = 7*b - j*b - 35. Calculate the highest common factor of b and 14.
7
Suppose 2*h + 5*i = 2*i + 13, 3*h = 5*i + 10. Let r = 25060 + -25058. What is the highest common factor of r and h?
1
Suppose p = 35*k - 31*k + 112, 215 = 2*p - 5*k. Calculate the greatest common divisor of 1975 and p.
25
Let p(y) be the second derivative of -y**4/12 - 10*y**3/3 - 93*y**2/2 + 11*y + 3. Let s be p(-9). What is the highest common divisor of s and 38?
2
Let n(j) = -40*j - 3. Let z(o) = -79*o - 6. Let u(g) = 5*n(g) - 2*z(g). Let w be u(-3). Let x = -63 + w. What is the highest common divisor of x and 40?
20
Let m be 316/14 - ((-24)/(-14))/3. Let a be (268/m - 4) + 20/(-110). What is the greatest common factor of a and 56?
8
Let h be 2/(2 + -1 + 0). Suppose h*n - 96 = -2*n. Suppose -161 = -9*i + 55. Calculate the greatest common divisor of n and i.
24
Suppose 10*s - 3*s - 14 = 0. Let p(a) be the third derivative of 13*a**4/24 + a**3/3 + 7*a**2. Let n be p(s). What is the highest common divisor of 7 and n?
7
Suppose 33*l - 3171 = 3066. What is the highest common divisor of 45 and l?
9
Suppose -85*a + 732 = -79*a. Let o be 8/10 - a/(-10). Suppose 20 = 2*q - 3*l - 26, q = 5*l + 16. Calculate the greatest common factor of q and o.
13
Let z be (-6)/(-8) - (-999)/12. Suppose 2*g - 3*t + 23 - 65 = 0, 3*t - z = -4*g. Suppose -b + 0 = -6. What is the greatest common factor of b and g?
3
Let d = -143 - -170. Let f be (-2)/13 + (-810)/(-195). Suppose 0*o - 2 = -o, -f = -4*u + 4*o. Calculate the greatest common divisor of d and u.
3
Let c be 1150/(-15) + (-10)/(-6). Let a be c/(-20)*((-52)/(-6) + -2). What is the greatest common divisor of a and 425?
25
Let b(h) = 10*h - 7 - 9*h + 12*h. Let q be b(2). Let r = q + 19. What is the highest common divisor of 57 and r?
19
Let z be ((-15)/6)/(25/(-10)). Let v be 4 + -8 + z - -61. What is the greatest common factor of v and 58?
58
Let w(z) = z**2 + 0*z**2 + z - 29 - 10*z. Suppose 31*q - 122 - 410 = -160. Let o be w(q). What is the greatest common divisor of o and 7?
7
Suppose -3*h + 7*c + 535 = 8*c, -2*c = -3*h + 523. What is the greatest common factor of 1829 and h?
59
Let o(j) = 8*j + 4. Let b(p) = p - 1. Let d(f) = -4*b(f) + 2*o(f). Let q be d(2). What is the highest common factor of 198 and q?
18
Suppose -g = 2*z - 310, -632 = -4*z - 25*g + 29*g. Calculate the highest common factor of 828 and z.
12
Let x = 3 + 51. Suppose u + 3*n - x = 0, 0*n = -5*u + 3*n + 180. Suppose 38*m - 42*m + 92 = 3*i, -m = 3*i - 14. Calculate the highest common divisor of u and m.
13
Let c be (-6)/15 + (-302)/(-5). Suppose -3*d - 288 = -5*f, -3*f = -2*d - 0*d - 173. Let y = -47 + f. What is the greatest common divisor of c and y?
10
Let q be (-9)/30 + (-4660)/(-200). Calculate the greatest common divisor of 920 and q.
23
Let n = 87 - -3013. What is the greatest common divisor of 500 and n?
100
Let o(c) = 2*c**3 + 5*c**2 - 18*c + 20. Let b be o(2). Let t(u) = -u**3 - 2*u + 2. Let g be t(-3). What is the greatest common divisor of b and g?
5
Let o = 15 - -15. Suppose 6*x + 0 = o. Suppose 41 + 24 = x*r. Calculate the highest common divisor of r and 26.
13
Let b = -2438 - -2466. Calculate the greatest common divisor of 34 and b.
2
Let i = 165 + -166. Let b be (i - -7)/(-2) + 0 + 39. Calculate the highest common factor of 84 and b.
12
Suppose 108*m + 818 - 8200 = 5254. Suppose 3*l = 5*l - 36. What is the greatest common factor of l and m?
9
Let t = 10764 - 7477. What is the greatest common factor of t and 57?
19
Let v = -107 + 149. Let w be (8/(-6))/((-56)/v) - -18. Suppose 2*s - 220 = 8. What is the highest common divisor of s and w?
19
Let j be (0 - 6)/((-74)/(-444)). Suppose 0 = w - 3*w + 84. Let f = w + j. Calculate the greatest common divisor of 6 and f.
6
Suppose u + 24 = -3*u. Let f be (3 + (-15)/6)*u. Let v = f + 15. What is the highest common factor of 3 and v?
3
Suppose 6*r - 4*v - 49 = 5*r, -108 = -2*r + 3*v. Let f be (-9)/(-54)*-4*(-2166)/4. What is the highest common divisor of f and r?
19
Let t = -10 - -12. Suppose -14*c + 16*c - 16 = 5*b, -3*c + 31 = -4*b. Calculate the greatest common factor of c and t.
1
Let k = -42 - -59. Let q = k + 5. Suppose q = 4*v - 38. What is the highest common factor of v and 90?
15
Let g(j) = 3*j - 36. Let l be g(13). Suppose 4*b = -l*m + b + 60, 2*b = 5*m - 79. What is the